c be 1/((-2)/((-4)/(-2))). Suppose -5*q - 6 = v, 12 = -3*v - 3*q - 6. What is the units digit of (-3 - v)/(c + 2)?
3
Suppose 0 = n - g - 87, -5*g + 41 = n - 40. What is the units digit of n?
6
Suppose u - 3*b - 38 = -5*b, 1 = -b. Suppose 3*j = 4*h + 56, -35 - u = -4*j + 5*h. What is the units digit of j?
0
Let p(b) = -b**3 - 6*b**2 + 6*b + 10. What is the tens digit of p(-7)?
1
Suppose -40 = 3*d - 5*d. Let o(s) = s**2 - s. Let w be o(-3). Let j = d - w. What is the units digit of j?
8
Suppose -1 = -q - 6. Let d(w) = w**3 + 6*w**2 + w - 2. What is the tens digit of d(q)?
1
Let i(w) = -w**2 - 7*w - 4. What is the units digit of i(-5)?
6
Suppose -22 = -2*c + 18. Suppose -4*l + c = 0, 4*f - 3*f + 5 = 4*l. Suppose -2*q - 60 = -5*r, 2*q = -4*r + f + 51. What is the tens digit of r?
1
Let z(m) = -m + 2. What is the units digit of z(1)?
1
Let k be 10 - ((-1)/1 + 3). Suppose 27 = a - 3*b, k = 2*b + 2*b. Let l = a + -18. What is the units digit of l?
5
What is the units digit of (-1 + 0)*(-11 - -8)?
3
Let z(s) = -2*s - 12. Let i be 48/8*10/(-4). What is the tens digit of z(i)?
1
Let w(i) = 3*i**2 + 4*i + 3. Suppose 2*z + 4*u = -10, -3*z = 3*u + 13 + 2. Let o be z/((-10)/(-4)) + 0. What is the units digit of w(o)?
7
Let i(t) be the third derivative of -t**6/120 - 7*t**5/60 + t**4/12 - 3*t**3/2 - 6*t**2. What is the tens digit of i(-8)?
3
Let c(w) = -14*w - 4. Let k be c(-3). Suppose 95 = 5*i - 4*z - 71, k = i + 4*z. What is the tens digit of i?
3
Suppose -d + 0*d = g - 10, 3*g = 3*d + 6. Suppose 2*u - g*c + c = 0, -2*u + 2*c + 6 = 0. What is the units digit of u?
5
Suppose 3*j - 5*w = -2*j + 500, -2*w = -4*j + 394. What is the tens digit of j?
9
Suppose 0 = -5*x + 2 - 22, 2*x + 28 = 5*g. Suppose 12 = 5*w - a - 2, a = -g. Suppose w*o + 0 = 4, 3*h - 39 = -3*o. What is the tens digit of h?
1
Let p = 318 + -220. What is the tens digit of p?
9
Suppose 3*x = 4*x + 1. Let f(h) = -2*h**3 + 2*h + 1. Let d be f(x). Let c(l) = 13*l**3 + 2*l**2 - l. What is the units digit of c(d)?
4
Let p = 0 + 1. What is the units digit of p?
1
Suppose -486 = -4*u + 482. What is the hundreds digit of u?
2
Suppose -b = -3*n + b + 42, -4*b + 14 = n. Let t = n - -2. What is the units digit of t?
6
Suppose -4*p + 12 = -0. Suppose -3*l + 4*j + 1 = 0, 2*j = -p*l + 4*j + 11. What is the units digit of l?
7
Suppose -13 = r - 45. Suppose -5*q = -5*l + 90, -4*l + 2*q + r = -34. What is the units digit of l?
5
Let u(q) be the second derivative of q**4/12 - q**3/3 + q**2/2 + 2*q. What is the units digit of u(3)?
4
What is the units digit of (153/(-2))/((-7)/14)?
3
Suppose -4*h + 2*h - 5*u + 67 = 0, 4*h - 89 = -u. Suppose -9 = 3*l + h. What is the units digit of 2/4 + (-55)/l?
6
Let a be -12 - -13 - (52 - -1). Let y = a - -90. What is the units digit of y?
8
Let b(k) = -20*k + 3. Let r be b(-3). Suppose -h + 4*h = -r. Let u = -8 - h. What is the tens digit of u?
1
Let c be (-8)/(3*(-4)/6). Let p(d) = -d + 2 - 2 + c*d**2. What is the tens digit of p(2)?
1
Suppose 0*f = 5*f - 165. What is the units digit of f?
3
What is the units digit of ((-18)/8*2)/(1/(-6))?
7
Let b = -3 - -11. Suppose i + 6 = -3*c, -4*i + c = 5*c - b. What is the units digit of i?
6
Suppose 4*x + 4*d - 16 = 0, 3*d + d = -3*x + 12. Let j(q) = 3*q**2 - 6*q + 3. What is the tens digit of j(x)?
2
What is the tens digit of 107/(-5 + 105/20)?
2
Let i(d) be the third derivative of -d**6/120 + d**5/15 + d**4/24 - 2*d**3/3 + 4*d**2. What is the units digit of i(3)?
8
Suppose 4 = 5*d - 2*j, 3*d + 5*j + 16 = 37. What is the units digit of d?
2
Let p(d) = 3*d**2 + 1 - 7*d**3 - 5*d**2 + 8*d**3. Let v be p(2). What is the units digit of (-1 - -2 - v) + 17?
7
Suppose -z + 0*z = 72. Let g = -40 - z. What is the units digit of g?
2
What is the units digit of ((-6)/(-2))/(14/28)?
6
Let z = 17 + -7. Let d be ((-32)/(-20))/(4/z). Suppose p = d*u - 34, 0 = -3*u + p + 26. What is the units digit of u?
8
Suppose 3*s = 7*s. Suppose s = 9*z - 6*z. Suppose 0 = -z*h - 4*h + 12. What is the units digit of h?
3
Let t(y) = 3*y + 8. Let o be t(-6). Let k be (1/(-2))/((-6)/(-60)). What is the units digit of 2/k + (-54)/o?
5
Suppose -3*l + 17 + 13 = 0. Suppose b = l + 8. Suppose 2*h - 6*h + 2*d = -b, 4*d = 2*h. What is the units digit of h?
6
Let q(x) = 13*x**3 - x**2 - x + 4. What is the units digit of q(2)?
2
Let s(c) = c**3 - 11*c**2 - 17*c - 10. Let q be s(12). What is the tens digit of 0 + 0 + q/(-7)?
1
Let f(o) = -o**3 + 15*o**2. Let h be f(15). Suppose -5*c - y + 190 = 0, -5*c + h*y + 190 = 4*y. What is the units digit of c?
8
What is the tens digit of (-4)/(-1) + 27/3?
1
Let k(r) = r**2 + 2*r - 3. Let w be k(3). Suppose i + 2*i - w = 0. Suppose -8 = -2*x, 0 = -h - i*x - 5 + 24. What is the units digit of h?
3
Suppose 7*k = -5*o + 2*k + 15, 0 = 4*k. Let s be o/(-6) - 5/(-2). Let b = 4 - s. What is the units digit of b?
2
What is the tens digit of 38 - (-4 - (-1 - 1))?
4
Suppose -70 = -4*b + 26. What is the tens digit of b?
2
Suppose 0*c = -3*c - 9. What is the tens digit of (144/27)/((-1)/c)?
1
Let n(y) = -121*y + 2. What is the tens digit of n(-3)?
6
What is the tens digit of 2 + 95 - ((-3)/3 + 1)?
9
Suppose 3*w + 3*b + 24 = 5*w, -26 = -w - 2*b. What is the tens digit of w?
1
Let x = -314 - -574. What is the hundreds digit of x?
2
Let f = -69 + 120. Let y = f + -31. What is the units digit of y?
0
Let u(l) = l**3 - 6*l**2 + 2*l - 8. What is the units digit of u(7)?
5
What is the tens digit of 0 - -26 - (-6 - -5)?
2
Let b = -136 + 250. What is the hundreds digit of b?
1
Suppose 4*h + 0*h = 84. What is the tens digit of h?
2
Let v = 10 - 6. Let q be (-12)/(-9)*(-3)/2. Let d = q + v. What is the units digit of d?
2
Let p(h) = 13*h - 8. Let w(r) = -4*r + 3. Let c(t) = 2*p(t) + 7*w(t). What is the units digit of c(-3)?
1
Suppose 3 - 9 = 3*q. Let t = q - -9. What is the units digit of t?
7
Let h(f) = 3*f - 3. Let i be h(6). Let v(l) = -l**3 + 16*l**2 - 12*l - 14. What is the tens digit of v(i)?
3
Suppose 0 = -p - f + 4*f + 54, -f = 4*p - 164. What is the units digit of p?
2
Let t be 42/(-8) - 1/(-4). Let s = t + 9. What is the units digit of s?
4
What is the tens digit of (51/(-12))/(1/(-8))?
3
Suppose 3*z = r - 14 - 14, 0 = -r + z + 36. Let y(g) = -g**3 - g - 24. Let d be y(0). Let c = r + d. What is the tens digit of c?
1
Suppose 0 = -l + 3*l. Suppose 10 = 5*k - l. Suppose 0 = k*c + 2*c - 40. What is the units digit of c?
0
Suppose 4*a - 252 = -2*y, 2*y + 2*a = -a + 251. Suppose -y = -z - 4*z + 2*s, -z = -3*s - 30. What is the tens digit of z?
2
Let z = 107 - 15. What is the units digit of z?
2
Let y(i) = -2*i**2 + i - 5. Let a(k) = -2*k**2 + k - 4. Let c(s) = 5*a(s) - 4*y(s). Let g be c(2). What is the units digit of (2/5)/(g/(-15))?
1
Suppose 5*t - 41 = 19. What is the units digit of t/(1*(-4)/(-8))?
4
Suppose -l = -0*l, -5*l = b - 1. What is the units digit of (-5 - -4) + b*13?
2
Let m(s) = 48*s. What is the tens digit of m(1)?
4
Suppose -162 = -2*p + 210. What is the units digit of p?
6
Let q(j) = -7*j + 1. Let t be q(-1). Suppose 2*k + 7*s = 4*s + t, -5*k = 5*s - 25. What is the units digit of k?
7
Suppose 4*x - 8 = -0*x. Suppose 3*k - 2 = -2*q, -4 = k - 2*q - x*q. Suppose 2*h = -k*h + 14. What is the units digit of h?
7
Suppose 7 = -2*x + 3. Let u be 9/(x + 2 + -1). What is the units digit of 1 - 3*6/u?
3
Suppose -v = -4*v, 4*f = -v - 20. Let k(w) = w**2 + 4*w - 4. What is the units digit of k(f)?
1
Let i(x) be the second derivative of -x**4/12 - 7*x**3/6 + 5*x**2 - x. Let c be i(-8). Suppose 2*r = 4*t, -6*r - 2*t = -c*r - 40. What is the units digit of r?
8
Let u = 69 - -50. What is the units digit of u?
9
Suppose 3*n + 10 = -2*t, -4*t - 3 = 2*n + t. What is the tens digit of (n/10)/(2/(-50))?
1
Let s = 124 - -83. What is the tens digit of s?
0
Let j be 15/9 + 2/6. Let h(g) = g**2 + 2*g - 2. Let o be h(-3). Suppose o = -j*b + b, -12 = -2*q + 4*b. What is the units digit of q?
4
Suppose -34 = -11*o + 9*o. What is the units digit of o?
7
Let d(j) = 34*j + 5. What is the units digit of d(2)?
3
Let b(u) be the third derivative of u**6/120 + u**5/30 - u**4/24 - u**3/6 - 2*u**2. What is the tens digit of b(2)?
1
Suppose -3*q + 2*q = -78. What is the tens digit of q?
7
Suppose -3*u = 3*j - 21, 0*j - 27 = -4*j - 5*u. Let w = j + 6. What is the tens d